-d = -r. What are the prime factors of d?
2
Let d(p) = p**2 - 5*p + 3. What are the prime factors of d(6)?
3
Let a(t) = -1 + 3*t**2 - 3*t**2 + t**2. Let b be a(-3). Suppose -3*n - 3*x + 21 = 0, 2*n - b = -4*x + 8. What are the prime factors of n?
2, 3
Suppose -18*k + 98 = -4*k. List the prime factors of k.
7
Let m(h) = -2*h**2 + 3*h**2 + 0 + 9 + 10*h. Let t be m(-9). What are the prime factors of -7*(t - 12/14)?
2, 3
What are the prime factors of 6/((-8)/(-52)*1)?
3, 13
Let w = -8 + 13. Suppose -w*g + 39 = -a, -3*g + 13 = 3*a - a. List the prime factors of g.
7
What are the prime factors of 1 + -60*(-5)/2?
151
Let m(q) = -q**3 - 4*q**2 + 4*q - 3. Let a be m(-5). Let o(w) = -w**2 + w + 2. Let u be o(a). Suppose 5 = -u*y + y. List the prime factors of y.
5
Suppose 0 = -a + 2*c - 5 - 1, -5*c = -3*a - 14. Suppose -z - a*z = 0. Let l = z - -13. What are the prime factors of l?
13
Let t = 28 - 25. List the prime factors of t.
3
Let l(p) be the first derivative of 3*p - 5 + 2*p**2 + 7/3*p**3. List the prime factors of l(-2).
23
Suppose 5*f - 10 = 0, -f - 3*f = -2*m + 110. What are the prime factors of m?
59
Let j be (123 - -4) + 1/1. Suppose 5*i - j = i. List the prime factors of i.
2
Let r be 0 - (-2 + 1) - -4. Suppose y - b + 12 = 3*b, -b + 3 = -r*y. List the prime factors of 9 + -6 + y + 0.
3
Suppose -16 = -4*p + 3*p. Suppose p = 2*w + 4. What are the prime factors of w?
2, 3
List the prime factors of 4/(-18) + 8816/144.
61
Suppose 0 = 5*p - k - 19, 5*k + 9 = -3*p - 2. Let l(u) = -u**3 + 2*u**2 + 4*u - 1. Let x be l(p). What are the prime factors of 0 + 19 + x + -1?
2, 5
Let i(q) = q**3 - 7*q**2 - 6*q - 7. What are the prime factors of i(8)?
3
Let a = -140 - -259. List the prime factors of a.
7, 17
Let f = -9 - -5. What are the prime factors of (-4)/(-2)*(-8)/f?
2
Let f(q) = -q**3 - 3*q**2 - 2*q. Let w be f(-4). Suppose 0*u - 4*h - 20 = -2*u, 0 = 4*u - 4*h - w. What are the prime factors of u?
2
Let f = 314 - 145. List the prime factors of f.
13
Let w(b) = b**3 - 11*b**2 + 11*b - 8. Let t be w(10). Let r be ((-10)/t)/(1/(-2)). What are the prime factors of 12/(-10)*r*-1?
2, 3
List the prime factors of (-280)/20*7/(-2).
7
What are the prime factors of ((-98)/6 - -1)*54/(-4)?
3, 23
Suppose 2*l = j - 126 - 225, -2*l = 6. What are the prime factors of j?
3, 5, 23
Suppose 211 = 6*l - 191. What are the prime factors of l?
67
Let j(o) = 46*o**2 - o - 2. Let a be j(-1). Let z = 89 - a. What are the prime factors of z?
2, 11
List the prime factors of (0 + 2)*(-444)/(-24).
37
Let s be 45/(-20) - 2/(-8). Let x(k) = 16*k**3 - 10*k - 10. Let p(z) = -3*z**3 + 2*z + 2. Let o(m) = 11*p(m) + 2*x(m). What are the prime factors of o(s)?
2, 3
Let d(q) = q**3 - q**2 - q + 1. Let l be d(-2). Let y(p) = -p - 9. Let v be y(l). Suppose v*z = -2*z + 22. List the prime factors of z.
11
Suppose -4*h + 18 = 2. List the prime factors of h.
2
Suppose -2*j - 41 = -285. List the prime factors of j.
2, 61
What are the prime factors of 16/20*(-55)/(-2)?
2, 11
Suppose -6 + 16 = 2*t. Let y = t + 0. List the prime factors of y.
5
Let b(s) = -s**2 - 7*s - 4. Let o be b(-5). Let r(n) = n**3 - 6*n**2 + 6*n - 1. Let m be r(4). List the prime factors of m/o*(-52)/6.
13
Let m(u) = 2*u**3 - 7*u**2 + 4*u + 6. What are the prime factors of m(5)?
101
Suppose 11*p + 38 = 13*p. What are the prime factors of p?
19
Let g = -116 - -187. List the prime factors of g.
71
Let y = -22 + 0. Let f = -13 - y. What are the prime factors of f?
3
Let d be ((-3)/(-2))/(6/8). Let z = 5 + d. List the prime factors of z.
7
Let m = 53 - 74. Let v = 42 + m. Suppose -5*g = -5*l - 2*g + v, l + 3 = 3*g. List the prime factors of l.
2, 3
Suppose 0 = 2*h - 8 - 0. Suppose 0*d + 5 = 2*f - 3*d, -f = -3*d - h. Let n = f - -1. What are the prime factors of n?
2
Suppose 30 = 5*a - 0*a. List the prime factors of a.
2, 3
Suppose 0 = -2*x - 4*b - 6, 4*x + 3 = x - 4*b. Suppose x*j - 29 = 2*j. List the prime factors of j.
29
Let a = 3 - 7. List the prime factors of (-10)/a*6/5.
3
Let h(a) be the first derivative of a**4/4 - 2*a**3/3 + a**2 - 2. Let y be h(3). Suppose -r + 6*r = y. What are the prime factors of r?
3
Let m = -14 - -27. Let g = m + -5. What are the prime factors of g?
2
Suppose 20 + 121 = 3*c. Suppose 4*d - 44 = 5*h - h, c = -5*h + 3*d. Let y(u) = -u**2 - 9*u - 9. List the prime factors of y(h).
5
Let d(o) = -2*o**3 + 5*o**2 + 216. List the prime factors of d(0).
2, 3
Suppose -4*g - 3*h = -7*h - 44, 0 = -h - 5. What are the prime factors of g?
2, 3
Suppose 38*s - 37*s = 191. List the prime factors of s.
191
Let q be (-44)/(-10) + (-4)/10. Suppose -q*i + 8 = -3*a, 2*i + 3*a - 18 = 8*a. Let w = 5 + i. What are the prime factors of w?
2
What are the prime factors of 4/((-276)/141 + 2)?
2, 47
Let i = -18 + 260. List the prime factors of i.
2, 11
Let r(l) = -l + 4. Let g be r(-7). Suppose -21 - g = -4*m. List the prime factors of m.
2
Suppose 0 = -z - u - 8, -4*z + z + u - 28 = 0. Let k = 15 - -3. Let w = z + k. List the prime factors of w.
3
Let k(i) = 4*i**3 + i**2 - 3*i + 1. Let y be k(2). Let s = -17 + y. Let f = s + -2. List the prime factors of f.
2, 3
Suppose 8 + 12 = 5*h. Let u(l) = 4*l - 3. What are the prime factors of u(h)?
13
Let f = 305 + -211. Suppose -2*q + f = -0*q. Suppose 3*k = -0*k + 3*z + 42, -3*k = -2*z - q. List the prime factors of k.
19
Let w = -6 + 8. Suppose 0 = -w*d + 3*d - 17. List the prime factors of d.
17
Let t(v) = 5*v**2 - 3*v**2 + 3*v**2 - v + 2*v**2. What are the prime factors of t(-2)?
2, 3, 5
List the prime factors of 18/12 - (-26)/4.
2
Let r(s) = -s**2 - 12*s + 2. Let d(v) = v**3 + 3*v**2 - 2*v - 3. Let p be d(-4). List the prime factors of r(p).
13
Suppose -6*o + 278 = -532. What are the prime factors of o?
3, 5
Suppose 0 = g + 15 - 97. What are the prime factors of g?
2, 41
Suppose -p + 4*g = -0*p - 20, 5*p - 20 = 4*g. Let k(y) = -y**3 + y**2 + 10. List the prime factors of k(p).
2, 5
Let y(j) = j**2 - 5*j - 1. Let f be y(4). Let s be 1/4 + f/4. Let q(i) = -12*i - 1. What are the prime factors of q(s)?
11
Let o = -6 + 11. Suppose 80 = -0*w + o*w. What are the prime factors of w?
2
Let d(j) = j**3 - j**2 + 2. Let v be (2 - 2)/(0 + -2). Let t be d(v). Suppose -10 = t*n - 4*n. List the prime factors of n.
5
Let r(n) = -n**2 - 10*n + 13. Suppose -2*a + 3 = -3*i, 2*i - 2 = -0*i. Suppose 2*m = 3*b - 18, a*m + 0*b = 3*b - 27. List the prime factors of r(m).
2, 11
Let v(s) = 4*s. Suppose -4 = -m + 6. What are the prime factors of v(m)?
2, 5
Let l = -56 + 111. List the prime factors of l.
5, 11
List the prime factors of (((-48)/(-7))/(-2))/(2/(-21)).
2, 3
Let a(u) = 6*u - 10. Let k be a(7). Suppose 3*j - k = -j. List the prime factors of j.
2
Let z(t) be the third derivative of t**4/24 - t**3/3 + 5*t**2. What are the prime factors of z(7)?
5
Let l(n) = -n**3 + 4*n**2 - n - 1. Let d be l(2). What are the prime factors of 1/(-1) + (d - 0)?
2
Let d(v) be the second derivative of 0 + 1/12*v**4 + 2/3*v**3 + v + 2*v**2. What are the prime factors of d(-5)?
3
Let a(u) = u**3 + 5*u**2 - 8*u - 9. Suppose g - 7*w - 14 = -3*w, -10 = 5*g - 4*w. List the prime factors of a(g).
3
Let h(w) = 24*w - 101. List the prime factors of h(9).
5, 23
Suppose 2*s - 40 = 3*s. Let m be (4/(-6))/(6/252). Let y = m - s. What are the prime factors of y?
2, 3
Let z(r) = 8*r - 5. List the prime factors of z(2).
11
Suppose -v + 0 = 4. Let k(h) = h**2 - 4*h + 5. What are the prime factors of k(v)?
37
Let i(v) = 40*v + 5. Let d be i(-7). List the prime factors of (-6)/8 - d/20.
13
Let c(p) = p + 4*p - 3*p - 5 + 4. Suppose 3*q - 4 = -l + 2*q, -2 = l - 5*q. What are the prime factors of c(l)?
5
Suppose -4*l + 5*z + 42 = 0, 0*z - 3*z = 3*l - 18. List the prime factors of l.
2
Let h(q) = -q + 2. Let y(p) = p**2 - 4*p - 5. Let u be y(5). Let k be h(u). Suppose 0 = -3*w - 2*g + 30, -2*g = k*w - 2 - 20. What are the prime factors of w?
2
Suppose 0 = 3*s - 2*s - 208. What are the prime factors of s?
2, 13
Suppose 72 = a + a. What are the prime factors of a?
2, 3
Let g(f) = f**3 + 4*f**2 - 9*f - 12. Let j be g(-5). Suppose -3*i = -j*i + 40. What are the prime factors of i?
2
Let b = 26 - 5. List the prime factors of b.
3, 7
Suppose -270 = -2*f + 5*f. Let m = f - -131. List the prime factors of m.
41
Suppose -2*y - y + 12 = 0. Suppo